Let w = -54948 + 102572. What is the hundreds digit of w?
6
Let c(v) = 23*v**2 + 11*v + 42. Let a be c(-6). Suppose -a = -q + 5*t, -5*q - 2*t + 3269 = -724. What is the tens digit of q?
9
Let w(o) = -11*o + 47. Suppose -2*s + 4*v = -44, -4*v - 3 = -s + 15. Let g be w(s). Let m = g - -504. What is the units digit of m?
5
Let y(w) = -w**2 + 13*w + 53. Let z be y(16). Suppose 0 = 5*o - z*b - 1575, -o - o + 635 = -3*b. What is the units digit of o?
0
Let v = 9479 - -6593. What is the ten thousands digit of v?
1
Suppose 8*u - 28 = 60. Let g(v) = -v**3 + 9*v**2 + 20*v + 24. Let o be g(u). Suppose 2*i + 61 = 3*b, 5*b + 4*i - 67 = o*b. What is the units digit of b?
1
Let o(z) = 91*z**3 + 3*z**2 - 4. Let b be o(-2). What is the hundreds digit of (48/9 - -2)*b/(-20)?
2
Suppose 5*i - 23933 = -4*j, -12106 = -3*j + 4*i + 5805. What is the units digit of j?
7
Let f = -43 + 66. Let q = -32 + 13. Let d = f - q. What is the units digit of d?
2
Let n(g) = 7*g**2 + g - 6. Let r(t) = t**3 - 24*t**2 + 22*t + 26. Suppose 2*k + 4*k = 138. Let w be r(k). What is the tens digit of n(w)?
6
Suppose -3*j = -9, -j - 3397 = -3*f - 2*f. Suppose -3*m + f = 5*m. Suppose -b + m = -35. What is the units digit of b?
0
Suppose -73 = -25*w - 23. Let o(k) = k**2 - k + 1. Let u be o(2). Suppose -186 = -u*m + w*t + t, 2*m - 133 = -t. What is the units digit of m?
5
Let q = -343 - -345. Suppose 3*k - k - 2*j - 36 = 0, -4*j - 26 = -q*k. What is the units digit of k?
3
Suppose 0*y = y + 3*y, -3*z + y = -116103. What is the units digit of z?
1
Let l = -16 - -8. Let f = 12 - l. What is the units digit of (296/f)/((-4)/(-10))?
7
Let j = -116 + 118. Suppose 0 = 2*n - j*y - 2238, -n + 3*y = n - 2243. What is the thousands digit of n?
1
Suppose z - 3994 = -w, 5*z - 1906 = 4*w + 18064. What is the tens digit of z?
9
Suppose -61*w - 718200 = 98*w - 195*w. What is the hundreds digit of w?
9
Suppose 833947 = 2*y + 56*y + 272159. What is the tens digit of y?
8
Suppose 39*w = -40*w + 4809994. What is the units digit of w?
6
Suppose -11 = -7*h + 381. Let p = h + -56. Suppose -499 = -3*f - 2*u, -4*f - 5*u + 685 - 22 = p. What is the units digit of f?
7
Let x = -363 - -362. Suppose 0 = -8*w + 4*w - 2*c + 18, 1 = -c. What is the tens digit of -8 - -111 - (w + x)?
9
Let h be (-1 + 0)/((-8)/(-2760)). Let f = 660 + h. What is the units digit of f?
5
Let l be (-1)/(2*4/12 - 1). Let o(p) = 2*p**2 - 4*p + 1. Let x be o(l). Suppose 0*v = x*v - 665. What is the units digit of v?
5
Let z(s) = 3*s**2 - 2*s + 2. Suppose -4*g = -22 - 46. Let m = g - 14. What is the tens digit of z(m)?
2
Let q(f) = 22*f + 201. Let x be q(-9). Suppose 3*w - 166 - 1012 = -4*m, 2*m = -x*w + 592. What is the tens digit of m?
9
Let s(g) = 3*g**2 - 32*g - 9. Let j be s(11). Suppose -w + 3*w = -j*i + 966, 0 = 2*w - 3*i - 961. What is the tens digit of w?
8
Suppose 18 = 3*w + 3. Suppose -18 - 7 = w*a, -3*a = 5*l + 15. Suppose l = -6*m + 2*m + 504. What is the hundreds digit of m?
1
Let m(r) = -r**2 + 6*r - 5. Let d be m(3). Suppose -d*p + 8*p = 244. What is the units digit of p?
1
Let j be 4/6 - 30/(-9). Suppose 3*m + 637 = 3*f + m, 0 = f + j*m - 231. Suppose o + 5*w - 32 = 27, 4*o - f = w. What is the tens digit of o?
5
Let l = -13577 + 22428. What is the hundreds digit of l?
8
Let p(l) = -1097*l + 5426. What is the units digit of p(-29)?
9
Suppose 0 = -4*l - 3*b + 24039, b + 15298 = 2*l + 3281. What is the units digit of l?
9
Let h(p) = -134*p + 20. Let o be h(-9). Let z = o - 798. Suppose 8*k - 12*k + z = 0. What is the hundreds digit of k?
1
Let x(u) = u**2 + 17*u + 67. Let a be x(-5). Let f(m) be the third derivative of -m**5/60 + 11*m**4/24 + m**3/3 - 3*m**2. What is the tens digit of f(a)?
3
Let o(j) = 1 + j + 6*j - 4. Suppose 0 = 5*i - 5*r - 15, 5*r = i - 7 + 24. What is the tens digit of o(i)?
5
Let w be (0 - 12)*(-5 - 133/(-28)). Let h(l) = 0*l**2 + 21*l + 19*l - l**2 - 13*l + w. What is the units digit of h(19)?
5
Let w = 14115 + -3886. What is the thousands digit of w?
0
Let g be 12*1*(-3)/(-2). Let h(v) = -4*v**3 + 39*v**2 - 4*v + 2. Let q be h(2). Let c = q + g. What is the tens digit of c?
3
Suppose 94496 = 2*t + g, 66*t - 47241 = 65*t + 3*g. What is the tens digit of t?
4
Let u = 5 - 1. Suppose 15 = -u*i + 3. What is the units digit of 1054/6 + 2/i?
5
Let f be -1 + (-72)/(-88) - 1593/11. Let i = 265 + f. What is the tens digit of i?
2
Let n be 210/(-21)*(-2)/4. Suppose v - n*d = 2*v - 1031, v + 3*d - 1037 = 0. What is the hundreds digit of v?
0
Let s = -11336 - -13016. What is the tens digit of s?
8
Let q(z) = 415*z**2 - 14*z + 89. What is the units digit of q(13)?
2
Let x(k) be the third derivative of -k**4/8 + 350*k**3/3 - 43*k**2. Let s be x(0). Let l = -478 + s. What is the tens digit of l?
2
Let v = 2486 - 1639. Let b = 1437 - v. What is the units digit of b?
0
Let l(o) = 513*o**2 + o - 96. What is the tens digit of l(-8)?
2
What is the tens digit of 8*(-1270593)/(-1080) - 1*3/(-15)?
1
Let s be (3/2)/(-2 - 78/(-36)). Let x be 9/15 + s/(-15). Suppose 4*b - l - 743 = x, 2*b - 3*l = -2*l + 369. What is the hundreds digit of b?
1
Let d be ((-33)/6 + 1)*(1 - -1). What is the units digit of (-1 - -607)*d/(-18)?
3
Suppose -6*x + 2*x = -20. Let w(z) = 31*z**3 + x*z**2 + 4*z + 2 - 3*z**2 - 33*z**3. What is the tens digit of w(-2)?
1
Suppose -2 = -21*w + 19*w. Let h be -13*-1*(w - -1). Suppose c - h = 34. What is the units digit of c?
0
Let o = 50 + -39. Suppose -4*k = -s - 1709, 430 = 12*k - o*k - 3*s. What is the units digit of k?
7
Let a = -65550 - -102489. What is the units digit of a?
9
Let u be (4/7)/((-24)/(-252)). Suppose -x = u*y - 4*y - 1165, -5*x + 2*y = -5885. What is the hundreds digit of x?
1
Suppose 15*y - 80 = -y. Suppose 2*l + 4*k - 2103 = 5*k, -2107 = -2*l + y*k. What is the units digit of l?
1
Let m(s) = -13*s + 24. Let r be m(-16). Suppose 4*v - 8*v + r = 0. Suppose 82 = 2*y - v. What is the units digit of y?
0
Suppose -2*o + 2881 = h - 2*h, -o + 2*h + 1445 = 0. What is the units digit of o?
9
What is the hundreds digit of 9623 + (-31)/((-186)/72)?
6
What is the units digit of (-227)/(-2)*(255 - 101)?
9
What is the thousands digit of 1/(-5) - (-2254)/245 - -4278?
4
Let f(o) = -2*o**3 - 5*o**2 - 9*o - 23. Let a = -36 + 90. Let v be (-13)/3 - 36/a. What is the tens digit of f(v)?
4
Suppose 2118*s - 141435 = 2077*s + 109362. What is the tens digit of s?
1
Suppose -3*c - 2*v - 4 = 0, 2*c - 1 = -2*v - 5. Suppose c = 4*w - 12*w + 1936. What is the hundreds digit of w?
2
Let i be 12/(-2)*(-2439)/(-18). Let f = 1358 + i. What is the tens digit of f?
4
Let g = 4203 - 1019. What is the tens digit of g?
8
Let j(v) = 52*v**3 + 4*v**2 + 28*v - 4. What is the ten thousands digit of j(10)?
5
Let b(u) = 2*u**3 - 127*u**2 - 250*u + 332. What is the thousands digit of b(69)?
5
Let j = 521 + -517. What is the thousands digit of 1118 + -2 - (j + 3)/7?
1
What is the tens digit of (-9 - -9)/(-8) - ((-4 - 2) + -9923)?
2
Let f = -492 + 3541. What is the tens digit of f?
4
Suppose 0 = -o - 81*o + 627710. What is the hundreds digit of o?
6
Let z(m) = 4*m - 1. Let d(n) = 69*n - 53. Let y(v) = d(v) - 4*z(v). Suppose -4*i + 2*j + 20 = 0, 4*i + j = 8 + 12. What is the units digit of y(i)?
6
Let k(q) = 3*q + 4*q - 77 + 72 + 2*q**2. Let u be -6 + (-7)/((-35)/(-10)). What is the tens digit of k(u)?
6
What is the tens digit of (-2 + 35)*597/9?
8
Let b(k) = -2*k**2 + 55*k - 7. Suppose 4*a + 11 + 0 = c, -4*a = 2*c - 10. What is the tens digit of b(c)?
8
Let g = -104 - -255. Suppose -4*k - 2*c = -6316, -16*c + 3146 = 2*k - 12*c. Suppose 13*d + g = k. What is the units digit of d?
0
Let f(q) be the second derivative of 5*q**4/6 - 5*q**3/6 - 7*q**2 + 185*q. What is the tens digit of f(-6)?
7
Suppose s + 91827 = 3*x, -5*s + 37580 = -5*x + 190645. What is the units digit of x?
7
Let s = 2778 - 943. Let r = s - 793. What is the hundreds digit of r?
0
Suppose 0 = -5*q + 4*d + 192335, -4*d + 12 = 32. What is the units digit of q?
3
Let l = -6432 - -13664. What is the tens digit of l?
3
Suppose -23*z - 3*b = -28*z + 66103, 11*z = -5*b + 145415. What is the units digit of z?
0
Let v(n) be the second derivative of -133*n**3/6 - 2*n**2 + 20*n. Let a be v(-2). Let t = a + -128. What is the tens digit of t?
3
Let v(h) = -211*h**3 + h**2 + h - 1. Let q b